0101110111110100 (base 2) to base 7.
-6221601
Convert -10126830 (base 9) to base 11.
-281a594
Convert 211022111202 (base 3) to base 9.
738452
Convert 114178 (base 10) to base 16.
1be02
Convert 5bc1d (base 14) to base 10.
224643
Convert 2330102 (base 6) to base 3.
20010101102
Convert 1bd39 (base 14) to base 7.
414402
1ca5d6 (base 16) to base 13
509732
Convert -1050432142 (base 6) to base 10.
-11512862
Convert 401441321 (base 5) to base 4.
12010333320
What is -141121112 (base 6) in base 7?
-33165260
What is 223110201 (base 4) in base 9?
300356
Convert -427125 (base 9) to base 12.
-103365
What is 56127325 (base 8) in base 15?
10e12c1
1163116 (base 7) to base 10
149953
Convert -95585 (base 10) to base 2.
-10111010101100001
What is -4cb4ea (base 15) in base 7?
-43210216
Convert -33500 (base 6) to base 9.
-6420
What is 34a47b (base 12) in base 7?
10126346
What is 1535266 (base 9) in base 12?
350050
Convert 32a844 (base 12) to base 7.
6566113
-1010100000100011 (base 2) to base 6
-531135
Convert 1216c6 (base 13) to base 12.
189a64
What is 1102431 (base 5) in base 16?
4aac
Convert 1fb3a (base 16) to base 8.
375472
What is 9c258 (base 14) in base 11?
239945
Convert 1329111 (base 11) to base 9.
4278601
13320010 (base 4) to base 5
2013020
Convert -35ab18 (base 12) to base 4.
-3110023010
Convert -57d62 (base 15) to base 2.
-1000100010011010111
-1202210120 (base 5) to base 12
-b18587
What is -1025143 (base 7) in base 8?
-362526
1202112210 (base 3) to base 16
8766
Convert -31131546 (base 7) to base 10.
-2612910
Convert 1320002323 (base 5) to base 12.
1123098
100bbf (base 16) to base 12
42867b
What is 10333244002 (base 5) in base 3?
210010102220221
Convert -76737 (base 14) to base 11.
-186525
-100010011011010101100010 (base 2) to base 10
-9024866
What is 1031020 (base 5) in base 9?
26164
16a305 (base 11) to base 7
2142345
Convert -3de06 (base 15) to base 2.
-110000100011111010
-3645721 (base 9) to base 13
-543a7b
What is 12404131331 (base 5) in base 12?
515b463
What is -212201041 (base 5) in base 13?
-2553a8
What is 1261512 (base 8) in base 12?
15040a
-32156 (base 9) to base 15
-6483
Convert 11100010001110111011 (base 2) to base 5.
214123101
Convert -57138 (base 13) to base 3.
-22001021200
-76927 (base 11) to base 8
-331747
-184e2 (base 16) to base 4
-120103202
What is 20330340 (base 5) in base 9?
274806
Convert -140242 (base 12) to base 9.
-555515
13544240 (base 6) to base 2
1110001100000100000
Convert -121212221 (base 4) to base 12.
-50835
Convert 532635 (base 8) to base 13.
62a8b
Convert -5180db (base 16) to base 13.
-11502c2
What is 3761875 (base 9) in base 14?
3b475b
What is -63a86 (base 14) in base 3?
-110020022202
What is -645721 (base 12) in base 11?
-993323
Convert -10011000011101011110111 (base 2) to base 12.
-180b133
Convert -1ba0f7 (base 16) to base 3.
-10101222210012
-220101100200 (base 3) to base 10
-479943
What is -13032374 (base 9) in base 12?
-2186b87
What is 1111010001110 (base 2) in base 11?
5971
-18322 (base 13) to base 3
-2101000121
Convert 273d0 (base 15) to base 2.
11110101100110001
What is 23030514 (base 6) in base 5?
140011133
What is -b7e78 (base 15) in base 10?
-583763
What is b95ef (base 16) in base 9?
1376473
7155374 (base 9) to base 8
16434730
61e5 (base 15) to base 4
11003102
Convert 540113 (base 7) to base 16.
16e02
Convert 200120102 (base 3) to base 8.
32342
3142340123 (base 5) to base 16
64cb5f
What is 217565 (base 9) in base 7?
1051445
Convert 522454 (base 7) to base 5.
10333013
What is a2a398 (base 15) in base 13?
17a8312
What is 1240142 (base 7) in base 5?
20122241
What is -148337 (base 9) in base 13?
-327ac
Convert 2443204 (base 5) to base 14.
13023
Convert -355b35 (base 14) to base 8.
-6745443
-33441602 (base 9) to base 16
-f74c27
-101310013 (base 4) to base 10
-72967
Convert 8c75a2 (base 14) to base 3.
100000001022000
Convert -10023300 (base 6) to base 10.
-283284
Convert -1413 (base 11) to base 9.
-2452
What is 37770105 (base 8) in base 15?
b094c1
Convert -2021221212 (base 3) to base 11.
-30a31
What is -6a64 (base 12) in base 4?
-2321230
What is 20545521 (base 7) in base 16?
1a976c
232315 (base 9) to base 7
1120460
-242224025 (base 6) to base 4
-101200323101
Convert 1100010011000111101 (base 2) to base 7.
3265641
95792 (base 12) to base 13
6b504
What is 4512354 (base 6) in base 10?
227374
330113033 (base 4) to base 5
30402442
-108076 (base 16) to base 11
-679578
-38952a (base 14) to base 2
-111011011001110010010
-26726b0 (base 12) to base 16
-743064
What is 2330403131 (base 5) in base 4?
110110021220
4b0216 (base 13) to base 5
430042300
Convert 260185 (base 10) to base 15.
5215a
-64141422 (base 8) to base 9
-27662344
Convert -29c7d0 (base 16) to base 6.
-134404304
Convert -233323 (base 7) to base 3.
-2010121221
-158d85 (base 16) to base 11
-885248
Convert 15a8a3 (base 13) to base 14.
ddc89
1be7 (base 15) to base 12
3617
Convert -100031002 (base 5) to base 4.
-1133312303
Convert 2212333212 (base 4) to base 11.
4279a4
What is 322206 (base 11) in base 13?
15074c
What is 120bb (base 14) in base 16?
ac25
What is -432cd (base 14) in base 3?
-22020212101
Convert -14817 (base 14) to base 7.
-301430
51a34 (base 12) to base 7
623425
Convert b78253 (base 14) to base 13.
139451a
Convert -7342b2 (base 13) to base 14.
-501acd
What is 2101101011 (base 4) in base 6?
20430405
What is 544271 (base 9) in base 14?
8643d
Convert -1010010002102 (base 3) to base 5.
-122431432
-110221000221 (base 3) to base 9
-427027
201100102101 (base 3) to base 12
164491
What is -317423 (base 10) in base 15?
-640b8
-10211000212100 (base 3) to base 4
-13233013023
-24d4 (base 15) to base 6
-100201
Convert -1385c6d (base 14) to base 7.
-143315066
What is 1bb52 (base 14) in base 2?
10001010010101100
What is -13055002 (base 6) in base 16?
-685ca
31220103012 (base 4) to base 6
204325210
What is 108577 (base 13) in base 15?
7a777
160829 (base 13) to base 6
15354422
What is 43562240 (base 8) in base 10?
9364640
-370c47 (base 14) to base 12
-76a8a7
Convert -130221210 (base 4) to base 5.
-12223343
What is -e3f7c (base 16) in base 13?
-269025
What is -215693 (base 10) in base 4?
-310222031
23321312 (base 4) to base 2
1011111001110110
Convert 112671 (base 16) to base 8.
4223161
What is 21222220201011 (base 3) in base 7?
51060154
Convert 1121122111212 (base 3) to base 10.
859136
244465266 (base 7) to base 14
208426d
Convert -8c984 (base 13) to base 4.
-332213201
ccd8a9 (base 15) to base 10
9765834
Convert -23111031 (base 4) to base 11.
-31964
-151999 (base 13) to base 11
-324157
-12114022 (base 6) to base 14
-9d914
What is 1021123121 (base 4) in base 10?
300761
What is -1403020013 (base 5) in base 8?
-15460356
What is 73044 (base 14) in base 13?
99235
Convert 261862 (base 9) to base 15.
32132
c6c70 (base 14) to base 11
2a8619
Convert -144265 (base 12) to base 10.
-339053
What is -104120033 (base 5) in base 8?
-1575456
What is -5308566 (base 9) in base 7?
-33100530
-108915 (base 10) to base 5
-11441130
What is 38871 (base 9) in base 8?
63163
-10011010111101101011001 (base 2) to base 13
-108a35a
Convert -294325 (base 12) to base 16.
-a8dcd
-33c87b (base 16) to base 6
-200423215
-2445422 (base 6) to base 3
-20122110212
What is 1431853 (base 14) in base 12?
3347695
Convert 405754 (base 11) to base 14.
12d749
Convert -10112012020022 (base 3) to base 15.
-270285
What is -202122102222 (base 3) in base 5?
-101001001
-1212201212211 (base 3) to base 4
-3303303310
What is -71446 (base 10) in base 12?
-3541a
What is -9f8e6 (base 16) in base 12?
-27625a
What is 1315454 (base 8) in base 3?
200122222120
5106a (base 15) to base 10
256600
What is -4340430 (base 5) in base 7?
-430113
-818431 (base 14) to base 3
-22012200222202
What is -266104 (base 7) in base 10?
-50131
What is 108806 (base 12) in base 10?
263814
-97a7 (base 12) to base 4
-10010233
Convert 422 (base 10) to base 7.
1142
2214112 (base 9) to base 6
41303445
Convert d6e3f (base 16) to base 4.
3112320333
What is 3718a1 (base 12) in base 3?
1200110020011
240aab0 (base 12) to base 7
113244531
Convert 1c2a0b (base 13) to base 3.
1100120211010
Convert -22550b (base 14) to base 12.
-48355b
14280387 (base 9) to base 8
33003331
What is 205362 (base 8) in base 11?
47386
-62330324 (base 7) to base 2
-10011111101111010101001
What 